{"id":8,"date":"2022-11-15T22:49:01","date_gmt":"2022-11-15T21:49:01","guid":{"rendered":"https:\/\/www.ailesdelinfini.com\/?page_id=8"},"modified":"2023-04-14T10:25:35","modified_gmt":"2023-04-14T08:25:35","slug":"accueil","status":"publish","type":"page","link":"https:\/\/www.ailesdelinfini.com\/","title":{"rendered":"Accueil"},"content":{"rendered":"\n<p>Bienvenue aux Ailes de l&rsquo;Infini, <\/p>\n\n\n\n<p>Et si votre corps vous r\u00e9v\u00e9lait ses secrets ?<\/p>\n\n\n\n<p>Gr\u00e2ce \u00e0 la kin\u00e9siologie venez prendre un moment pour vous connecter \u00e0 vous m\u00eame et d\u00e9couvrir les raisons de vos maux, puis de les lib\u00e9rer.<\/p>\n\n\n\n<p>La kin\u00e9siologie peut vous les r\u00e9v\u00e9ler gr\u00e2ce \u00e0 son approche globale, en vous permettant d&rsquo;acc\u00e9der et de lib\u00e9rer vos m\u00e9moires tant \u00e9motionnelles, physiques et \u00e9nerg\u00e9tiques.<\/p>\n\n\n\n<p>J&rsquo;ai \u00e0 c\u0153ur de vous accompagner \u00e0 travers la kin\u00e9siologie pour vous permettre de d\u00e9ployer pleinement vos ailes. Vous permettre de retrouver votre harmonie avec vous-m\u00eame et les autres. <\/p>\n\n\n\n<p>Comme j&rsquo;aime \u00e0 le dire \u00ab\u00a0La libert\u00e9 des \u00e9motions et des corps vous permet d&rsquo;\u00e9voluer \u00e0 l&rsquo;infini\u00a0\u00bb. Alors je vous souhaite un bel envol. (-: <\/p>\n\n\n\n<p><\/p>\n\n\n\n<p><\/p>\n\n\n\n<p><\/p>\n\n\n\n<p><\/p>\n\n\n\n<p><\/p>\n","protected":false},"excerpt":{"rendered":"<p>Bienvenue aux Ailes de l&rsquo;Infini, Et si votre corps vous r\u00e9v\u00e9lait ses secrets ? Gr\u00e2ce \u00e0 la kin\u00e9siologie venez prendre un moment pour vous connecter \u00e0 vous m\u00eame et d\u00e9couvrir les raisons de vos maux, puis de les lib\u00e9rer. La kin\u00e9siologie peut vous les r\u00e9v\u00e9ler gr\u00e2ce \u00e0 son approche globale, en vous permettant d&rsquo;acc\u00e9der et &hellip; <\/p>\n<p class=\"link-more\"><a href=\"https:\/\/www.ailesdelinfini.com\/\" class=\"more-link\">Continuer la lecture<span class=\"screen-reader-text\"> de &laquo;&nbsp;Accueil&nbsp;&raquo;<\/span><\/a><\/p>\n","protected":false},"author":1,"featured_media":0,"parent":0,"menu_order":0,"comment_status":"closed","ping_status":"closed","template":"","meta":{"footnotes":""},"class_list":["post-8","page","type-page","status-publish","hentry"],"_links":{"self":[{"href":"https:\/\/www.ailesdelinfini.com\/index.php?rest_route=\/wp\/v2\/pages\/8","targetHints":{"allow":["GET"]}}],"collection":[{"href":"https:\/\/www.ailesdelinfini.com\/index.php?rest_route=\/wp\/v2\/pages"}],"about":[{"href":"https:\/\/www.ailesdelinfini.com\/index.php?rest_route=\/wp\/v2\/types\/page"}],"author":[{"embeddable":true,"href":"https:\/\/www.ailesdelinfini.com\/index.php?rest_route=\/wp\/v2\/users\/1"}],"replies":[{"embeddable":true,"href":"https:\/\/www.ailesdelinfini.com\/index.php?rest_route=%2Fwp%2Fv2%2Fcomments&post=8"}],"version-history":[{"count":16,"href":"https:\/\/www.ailesdelinfini.com\/index.php?rest_route=\/wp\/v2\/pages\/8\/revisions"}],"predecessor-version":[{"id":406,"href":"https:\/\/www.ailesdelinfini.com\/index.php?rest_route=\/wp\/v2\/pages\/8\/revisions\/406"}],"wp:attachment":[{"href":"https:\/\/www.ailesdelinfini.com\/index.php?rest_route=%2Fwp%2Fv2%2Fmedia&parent=8"}],"curies":[{"name":"wp","href":"https:\/\/api.w.org\/{rel}","templated":true}]}}